{"id":2300,"date":"2023-06-25T03:38:20","date_gmt":"2023-06-25T03:38:20","guid":{"rendered":"http:\/\/www.sergeomin.gob.bo\/?page_id=2300"},"modified":"2025-07-23T20:39:09","modified_gmt":"2025-07-23T20:39:09","slug":"geofisica","status":"publish","type":"page","link":"https:\/\/www.sergeomin.gob.bo\/index.php\/geofisica\/","title":{"rendered":"GEOF\u00cdSICA"},"content":{"rendered":"\t\t<div data-elementor-type=\"wp-page\" data-elementor-id=\"2300\" class=\"elementor elementor-2300\">\n\t\t\t\t\t\t<section class=\"elementor-section elementor-top-section elementor-element elementor-element-b7a1d4d elementor-section-boxed elementor-section-height-default elementor-section-height-default\" data-id=\"b7a1d4d\" data-element_type=\"section\">\n\t\t\t\t\t\t<div class=\"elementor-container elementor-column-gap-default\">\n\t\t\t\t\t<div class=\"elementor-column elementor-col-100 elementor-top-column elementor-element elementor-element-33fdb99\" data-id=\"33fdb99\" data-element_type=\"column\">\n\t\t\t<div class=\"elementor-widget-wrap elementor-element-populated\">\n\t\t\t\t\t\t<div class=\"elementor-element elementor-element-cdd918a elementor-widget elementor-widget-heading\" data-id=\"cdd918a\" data-element_type=\"widget\" data-widget_type=\"heading.default\">\n\t\t\t\t<div class=\"elementor-widget-container\">\n\t\t\t<h2 class=\"elementor-heading-title elementor-size-default\">SERVICIOS DE GEOF\u00cdSICA<\/h2>\t\t<\/div>\n\t\t\t\t<\/div>\n\t\t\t\t\t<\/div>\n\t\t<\/div>\n\t\t\t\t\t<\/div>\n\t\t<\/section>\n\t\t\t\t<section class=\"elementor-section elementor-top-section elementor-element elementor-element-80c8bec elementor-section-boxed elementor-section-height-default elementor-section-height-default\" data-id=\"80c8bec\" data-element_type=\"section\">\n\t\t\t\t\t\t<div class=\"elementor-container elementor-column-gap-default\">\n\t\t\t\t\t<div class=\"elementor-column elementor-col-50 elementor-top-column elementor-element elementor-element-c2c95ea\" data-id=\"c2c95ea\" data-element_type=\"column\">\n\t\t\t<div class=\"elementor-widget-wrap elementor-element-populated\">\n\t\t\t\t\t\t<div class=\"elementor-element elementor-element-ad522c2 elementor-widget__width-initial elementor-widget elementor-widget-text-editor\" data-id=\"ad522c2\" data-element_type=\"widget\" data-widget_type=\"text-editor.default\">\n\t\t\t\t<div class=\"elementor-widget-container\">\n\t\t\t\t\t\t\t<!DOCTYPE html>\n<html>\n<head>\n  <style>\n    .vertical-line {\n      border-left: 8px solid orange; \/* Color de la l\u00ednea y grosor *\/\n      height: 300px; \/* Altura de la l\u00ednea *\/\n    }\n  <\/style>\n<\/head>\n<body>\n  <div class=\"vertical-line\"><\/div>\n<\/body>\n<\/html>\n\t\t\t\t\t\t<\/div>\n\t\t\t\t<\/div>\n\t\t\t\t\t<\/div>\n\t\t<\/div>\n\t\t\t\t<div class=\"elementor-column elementor-col-50 elementor-top-column elementor-element elementor-element-8911837\" data-id=\"8911837\" data-element_type=\"column\">\n\t\t\t<div class=\"elementor-widget-wrap elementor-element-populated\">\n\t\t\t\t\t\t<div class=\"elementor-element elementor-element-67ea16f elementor-widget elementor-widget-heading\" data-id=\"67ea16f\" data-element_type=\"widget\" data-widget_type=\"heading.default\">\n\t\t\t\t<div class=\"elementor-widget-container\">\n\t\t\t<h3 class=\"elementor-heading-title elementor-size-default\">Servicios Geof\u00edsicos<\/h3>\t\t<\/div>\n\t\t\t\t<\/div>\n\t\t\t\t<div class=\"elementor-element elementor-element-85aba21 elementor-widget elementor-widget-text-editor\" data-id=\"85aba21\" data-element_type=\"widget\" data-widget_type=\"text-editor.default\">\n\t\t\t\t<div class=\"elementor-widget-container\">\n\t\t\t\t\t\t\t<p><strong>METODOS ELECTRICOS.<\/strong><\/p><ul><li>Sondeo El\u00e9ctrico Vertical \/(SEV).<\/li><li>Polarizaci\u00f3n Inducida (IP).<\/li><li>Tomograf\u00eda El\u00e9ctrica Resoluci\u00f3n 2D Y 3D.<\/li><\/ul><p><strong>M\u00c9TODO MAGN\u00c9TICO.<\/strong><\/p><ul><li>Magnetromer\u00eda<\/li><\/ul>\t\t\t\t\t\t<\/div>\n\t\t\t\t<\/div>\n\t\t\t\t\t<\/div>\n\t\t<\/div>\n\t\t\t\t\t<\/div>\n\t\t<\/section>\n\t\t\t\t<section class=\"elementor-section elementor-top-section elementor-element elementor-element-35cf0f4 elementor-section-boxed elementor-section-height-default elementor-section-height-default\" data-id=\"35cf0f4\" data-element_type=\"section\">\n\t\t\t\t\t\t<div class=\"elementor-container elementor-column-gap-default\">\n\t\t\t\t\t<div class=\"elementor-column elementor-col-100 elementor-top-column elementor-element elementor-element-4b3d00d\" data-id=\"4b3d00d\" data-element_type=\"column\">\n\t\t\t<div class=\"elementor-widget-wrap elementor-element-populated\">\n\t\t\t\t\t\t<div class=\"elementor-element elementor-element-7ed3053 elementor-widget elementor-widget-heading\" data-id=\"7ed3053\" data-element_type=\"widget\" data-widget_type=\"heading.default\">\n\t\t\t\t<div class=\"elementor-widget-container\">\n\t\t\t<h4 class=\"elementor-heading-title elementor-size-default\">M\u00e9todos El\u00e9ctricos<\/h4>\t\t<\/div>\n\t\t\t\t<\/div>\n\t\t\t\t<div class=\"elementor-element elementor-element-9922186 elementor-position-left elementor-vertical-align-top elementor-widget elementor-widget-image-box\" data-id=\"9922186\" data-element_type=\"widget\" data-widget_type=\"image-box.default\">\n\t\t\t\t<div class=\"elementor-widget-container\">\n\t\t\t<div class=\"elementor-image-box-wrapper\"><figure class=\"elementor-image-box-img\"><img fetchpriority=\"high\" decoding=\"async\" width=\"900\" height=\"942\" src=\"https:\/\/www.sergeomin.gob.bo\/wp-content\/uploads\/2023\/09\/sondeo.jpg\" class=\"attachment-full size-full wp-image-3506\" alt=\"\" \/><\/figure><div class=\"elementor-image-box-content\"><h4 class=\"elementor-image-box-title\">SONDEO EL\u00c9CTRICO VERTICAL \/(SEV)<\/h4><p class=\"elementor-image-box-description\">El  sondeo El\u00e9ctrico Vertical es un estudio utilizado para la definici\u00f3n de estructuras geol\u00f3gicas diferenciales por su resistividad. Brinda informaci\u00f3n  de espesores y contactos entre diferentes capas del subsuelo en un punto determinado. <br>\n<b>Aplicaciones: <\/b><br>\n-   Prospecci\u00f3n de Aguas Subterr\u00e1neas <br>\n-   Medio Ambiente <br>\n-  Geotecnia\n<\/p><\/div><\/div>\t\t<\/div>\n\t\t\t\t<\/div>\n\t\t\t\t\t<\/div>\n\t\t<\/div>\n\t\t\t\t\t<\/div>\n\t\t<\/section>\n\t\t\t\t<section class=\"elementor-section elementor-top-section elementor-element elementor-element-e812c03 elementor-section-boxed elementor-section-height-default elementor-section-height-default\" data-id=\"e812c03\" data-element_type=\"section\">\n\t\t\t\t\t\t<div class=\"elementor-container elementor-column-gap-default\">\n\t\t\t\t\t<div class=\"elementor-column elementor-col-100 elementor-top-column elementor-element elementor-element-b544925\" data-id=\"b544925\" data-element_type=\"column\">\n\t\t\t<div class=\"elementor-widget-wrap elementor-element-populated\">\n\t\t\t\t\t\t<div class=\"elementor-element elementor-element-3f43b2c elementor-position-left elementor-vertical-align-top elementor-widget elementor-widget-image-box\" data-id=\"3f43b2c\" data-element_type=\"widget\" data-widget_type=\"image-box.default\">\n\t\t\t\t<div class=\"elementor-widget-container\">\n\t\t\t<div class=\"elementor-image-box-wrapper\"><figure class=\"elementor-image-box-img\"><img decoding=\"async\" width=\"900\" height=\"556\" src=\"https:\/\/www.sergeomin.gob.bo\/wp-content\/uploads\/2023\/09\/tomografia1.jpg\" class=\"attachment-full size-full wp-image-3502\" alt=\"\" \/><\/figure><div class=\"elementor-image-box-content\"><h4 class=\"elementor-image-box-title\">TOMOGRAF\u00cdA EL\u00c9CTRICA RES 2D Y 3D <\/h4><p class=\"elementor-image-box-description\">Es un estudio que, de manera indirecta, nos permite conocer la configuraci\u00f3n del subsuelo; a partir de una tomograf\u00eda podemos inferir y describir la geometr\u00eda y propiedades f\u00edsicas del subsuelo. Es empleada en la prospecci\u00f3n y exploraci\u00f3n minera, aguas subterr\u00e1neas, estudios geot\u00e9cnicos, arqueolog\u00eda y otros. <br>\n<b>Aplicaciones:  <\/b><br>\n- Determinaci\u00f3n de paleocanales. <br>\n-  Detecci\u00f3n de fluidos. <br>\n-  Valoraci\u00f3n de riesgos geol\u00f3gicos. <br>\n-  Exploraci\u00f3n minera y Geotecnia. <br>\n-  Localizaci\u00f3n de zonas contaminadas con lixiviados\n<\/p><\/div><\/div>\t\t<\/div>\n\t\t\t\t<\/div>\n\t\t\t\t\t<\/div>\n\t\t<\/div>\n\t\t\t\t\t<\/div>\n\t\t<\/section>\n\t\t\t\t<section class=\"elementor-section elementor-top-section elementor-element elementor-element-4f977be elementor-section-boxed elementor-section-height-default elementor-section-height-default\" data-id=\"4f977be\" data-element_type=\"section\">\n\t\t\t\t\t\t<div class=\"elementor-container elementor-column-gap-default\">\n\t\t\t\t\t<div class=\"elementor-column elementor-col-100 elementor-top-column elementor-element elementor-element-3e1a9ea\" data-id=\"3e1a9ea\" data-element_type=\"column\">\n\t\t\t<div class=\"elementor-widget-wrap elementor-element-populated\">\n\t\t\t\t\t\t<div class=\"elementor-element elementor-element-5b10dd9 elementor-widget elementor-widget-heading\" data-id=\"5b10dd9\" data-element_type=\"widget\" data-widget_type=\"heading.default\">\n\t\t\t\t<div class=\"elementor-widget-container\">\n\t\t\t<h4 class=\"elementor-heading-title elementor-size-default\">M\u00e9todo Magn\u00e9tico<\/h4>\t\t<\/div>\n\t\t\t\t<\/div>\n\t\t\t\t<div class=\"elementor-element elementor-element-78a31e1 elementor-position-left elementor-vertical-align-top elementor-widget elementor-widget-image-box\" data-id=\"78a31e1\" data-element_type=\"widget\" data-widget_type=\"image-box.default\">\n\t\t\t\t<div class=\"elementor-widget-container\">\n\t\t\t<div class=\"elementor-image-box-wrapper\"><figure class=\"elementor-image-box-img\"><img decoding=\"async\" width=\"900\" height=\"1292\" src=\"https:\/\/www.sergeomin.gob.bo\/wp-content\/uploads\/2023\/09\/magnetometria2.jpg\" class=\"attachment-full size-full wp-image-3508\" alt=\"\" \/><\/figure><div class=\"elementor-image-box-content\"><h4 class=\"elementor-image-box-title\">MAGNETOMETR\u00cdA<\/h4><p class=\"elementor-image-box-description\">La magnometria Terrestre es un m\u00e9todo que se basa en la detecci\u00f3n de variaciones del campo magn\u00e9tico local debido a la presencia de estructuras en el subsuelo \u00e9tica se basa en la medida y estudio de  las variaciones del campo magn\u00e9tico terrestre. Se utiliza para ubicar dep\u00f3sitos asociados al hierro, fallas mineralizadas y estructuras  geol\u00f3gicas las cuales indiquen la presencia de trampa de gas y petr\u00f3leo. <br>\n<b>Aplicaciones: <\/b><br>\n-  Exploraci\u00f3n Geol\u00f3gica Minera. <br>\n-  Medida de las propiedades de las rocas. <br>\n-  Estudio de Contaminaci\u00f3n de suelos. <br>\n-  B\u00fasqueda de objetos y cuerpos enterrados. <br>\n-  Localizaci\u00f3n de objetivos met\u00e1licos enterrados. <br>\n- Arqueolog\u00eda.\n<\/p><\/div><\/div>\t\t<\/div>\n\t\t\t\t<\/div>\n\t\t\t\t\t<\/div>\n\t\t<\/div>\n\t\t\t\t\t<\/div>\n\t\t<\/section>\n\t\t\t\t<section class=\"elementor-section elementor-top-section elementor-element elementor-element-eeed72b elementor-section-boxed elementor-section-height-default elementor-section-height-default\" data-id=\"eeed72b\" data-element_type=\"section\">\n\t\t\t\t\t\t<div class=\"elementor-container elementor-column-gap-default\">\n\t\t\t\t\t<div class=\"elementor-column elementor-col-100 elementor-top-column elementor-element elementor-element-ff8691c\" data-id=\"ff8691c\" data-element_type=\"column\">\n\t\t\t<div class=\"elementor-widget-wrap elementor-element-populated\">\n\t\t\t\t\t\t<div class=\"elementor-element elementor-element-e81d1ba elementor-view-default elementor-widget elementor-widget-icon\" data-id=\"e81d1ba\" data-element_type=\"widget\" data-widget_type=\"icon.default\">\n\t\t\t\t<div class=\"elementor-widget-container\">\n\t\t\t\t\t<div class=\"elementor-icon-wrapper\">\n\t\t\t<a class=\"elementor-icon\" href=\"https:\/\/www.sergeomin.gob.bo\/\">\n\t\t\t<i aria-hidden=\"true\" class=\"fas fa-reply\"><\/i>\t\t\t<\/a>\n\t\t<\/div>\n\t\t\t\t<\/div>\n\t\t\t\t<\/div>\n\t\t\t\t\t<\/div>\n\t\t<\/div>\n\t\t\t\t\t<\/div>\n\t\t<\/section>\n\t\t\t\t<section class=\"elementor-section elementor-top-section elementor-element elementor-element-0585d26 elementor-section-boxed elementor-section-height-default elementor-section-height-default\" data-id=\"0585d26\" data-element_type=\"section\">\n\t\t\t\t\t\t<div class=\"elementor-container elementor-column-gap-default\">\n\t\t\t\t\t<div class=\"elementor-column elementor-col-100 elementor-top-column elementor-element elementor-element-a1cd75f\" data-id=\"a1cd75f\" data-element_type=\"column\">\n\t\t\t<div class=\"elementor-widget-wrap elementor-element-populated\">\n\t\t\t\t\t\t<div class=\"elementor-element elementor-element-fde541e elementor-widget elementor-widget-spacer\" data-id=\"fde541e\" data-element_type=\"widget\" data-widget_type=\"spacer.default\">\n\t\t\t\t<div class=\"elementor-widget-container\">\n\t\t\t\t\t<div class=\"elementor-spacer\">\n\t\t\t<div class=\"elementor-spacer-inner\"><\/div>\n\t\t<\/div>\n\t\t\t\t<\/div>\n\t\t\t\t<\/div>\n\t\t\t\t\t<\/div>\n\t\t<\/div>\n\t\t\t\t\t<\/div>\n\t\t<\/section>\n\t\t\t\t<\/div>\n\t\t","protected":false},"excerpt":{"rendered":"<p>SERVICIOS DE GEOF\u00cdSICA Servicios Geof\u00edsicos METODOS ELECTRICOS. Sondeo El\u00e9ctrico Vertical \/(SEV). Polarizaci\u00f3n Inducida (IP). Tomograf\u00eda<\/p>\n","protected":false},"author":3,"featured_media":0,"parent":0,"menu_order":0,"comment_status":"closed","ping_status":"closed","template":"elementor_header_footer","meta":{"footnotes":""},"class_list":["post-2300","page","type-page","status-publish","hentry"],"_links":{"self":[{"href":"https:\/\/www.sergeomin.gob.bo\/index.php\/wp-json\/wp\/v2\/pages\/2300","targetHints":{"allow":["GET"]}}],"collection":[{"href":"https:\/\/www.sergeomin.gob.bo\/index.php\/wp-json\/wp\/v2\/pages"}],"about":[{"href":"https:\/\/www.sergeomin.gob.bo\/index.php\/wp-json\/wp\/v2\/types\/page"}],"author":[{"embeddable":true,"href":"https:\/\/www.sergeomin.gob.bo\/index.php\/wp-json\/wp\/v2\/users\/3"}],"replies":[{"embeddable":true,"href":"https:\/\/www.sergeomin.gob.bo\/index.php\/wp-json\/wp\/v2\/comments?post=2300"}],"version-history":[{"count":37,"href":"https:\/\/www.sergeomin.gob.bo\/index.php\/wp-json\/wp\/v2\/pages\/2300\/revisions"}],"predecessor-version":[{"id":5708,"href":"https:\/\/www.sergeomin.gob.bo\/index.php\/wp-json\/wp\/v2\/pages\/2300\/revisions\/5708"}],"wp:attachment":[{"href":"https:\/\/www.sergeomin.gob.bo\/index.php\/wp-json\/wp\/v2\/media?parent=2300"}],"curies":[{"name":"wp","href":"https:\/\/api.w.org\/{rel}","templated":true}]}}