{"id":7520,"date":"2025-11-28T18:20:28","date_gmt":"2025-11-28T18:20:28","guid":{"rendered":"https:\/\/www.sergeomin.gob.bo\/?page_id=7520"},"modified":"2025-11-28T18:29:05","modified_gmt":"2025-11-28T18:29:05","slug":"gestion-de-denuncias","status":"publish","type":"page","link":"https:\/\/www.sergeomin.gob.bo\/index.php\/gestion-de-denuncias\/","title":{"rendered":"Gesti\u00f3n de Denuncias"},"content":{"rendered":"\n<p><strong>Denuncias por Hechos de Corrupci\u00f3n<\/strong><\/p>\n\n\n\n<p>El Ministerio de Justicia y Transparencia Institucional pone a su disposici\u00f3n las siguientes v\u00edas para que usted realice su denuncia:<\/p>\n\n\n\n<p><strong>SITPRECO<\/strong><\/p>\n\n\n\n<p>Sistema de Informaci\u00f3n de Transparencia, Prevenci\u00f3n y Lucha Contra la Corrupci\u00f3n<\/p>\n\n\n\n<p>Si usted cuenta con Ciudadan\u00eda Digital puede presentar su denuncia de forma directa al Ministerio de Justicia y Transparencia Institucional a trav\u00e9s del sistema SITPRECO<\/p>\n\n\n\n<p><strong>Acceder al sistema<a href=\"https:\/\/sitpreco.s2plus.transparencia.gob.bo\/\"> <\/a><\/strong><a href=\"https:\/\/sitpreco.s2plus.transparencia.gob.bo\/\">SITPRECO<\/a><\/p>\n\n\n\n<p>Tutorial para Registrar tus Denuncias<\/p>\n\n\n\n<figure class=\"wp-block-embed is-type-rich is-provider-gestor-del-servicio wp-block-embed-gestor-del-servicio\"><div class=\"wp-block-embed__wrapper\">\n<div style=\"width: 640px;\" class=\"wp-video\"><video class=\"wp-video-shortcode\" id=\"video-7520-1\" width=\"640\" height=\"360\" preload=\"metadata\" controls=\"controls\"><source type=\"video\/mp4\" src=\"https:\/\/www.sergeomin.gob.bo\/wp-content\/uploads\/2025\/11\/denuncias.mp4?_=1\" \/><a href=\"https:\/\/www.sergeomin.gob.bo\/wp-content\/uploads\/2025\/11\/denuncias.mp4\">https:\/\/www.sergeomin.gob.bo\/wp-content\/uploads\/2025\/11\/denuncias.mp4<\/a><\/video><\/div>\n<\/div><\/figure>\n\n\n\n<p><strong>Realiza tu<\/strong> <a href=\"https:\/\/proveedor.ciudadaniadigital.bo\/interaction\/aBgtZzAfV-zymOVgCpLoV\">Denuncia<\/a><\/p>\n\n\n\n<h3 class=\"wp-block-heading\">Presentaci\u00f3n Presencial del Formulario de Denuncias<\/h3>\n\n\n\n<p>Usted puede apersonarse a la unidad de Transparencia Institucional de nuestra entidad y solicitar un ejemplar impreso del Formulario de Denuncias de Hechos de corrupci\u00f3n. Una vez llenado, podr\u00e1 depositarlo en el buz\u00f3n respectivo.<\/p>\n\n\n\n<p><\/p>\n","protected":false},"excerpt":{"rendered":"<p>Denuncias por Hechos de Corrupci\u00f3n El Ministerio de Justicia y Transparencia Institucional pone a su<\/p>\n","protected":false},"author":3,"featured_media":0,"parent":0,"menu_order":0,"comment_status":"closed","ping_status":"closed","template":"","meta":{"footnotes":""},"class_list":["post-7520","page","type-page","status-publish","hentry"],"_links":{"self":[{"href":"https:\/\/www.sergeomin.gob.bo\/index.php\/wp-json\/wp\/v2\/pages\/7520","targetHints":{"allow":["GET"]}}],"collection":[{"href":"https:\/\/www.sergeomin.gob.bo\/index.php\/wp-json\/wp\/v2\/pages"}],"about":[{"href":"https:\/\/www.sergeomin.gob.bo\/index.php\/wp-json\/wp\/v2\/types\/page"}],"author":[{"embeddable":true,"href":"https:\/\/www.sergeomin.gob.bo\/index.php\/wp-json\/wp\/v2\/users\/3"}],"replies":[{"embeddable":true,"href":"https:\/\/www.sergeomin.gob.bo\/index.php\/wp-json\/wp\/v2\/comments?post=7520"}],"version-history":[{"count":5,"href":"https:\/\/www.sergeomin.gob.bo\/index.php\/wp-json\/wp\/v2\/pages\/7520\/revisions"}],"predecessor-version":[{"id":7529,"href":"https:\/\/www.sergeomin.gob.bo\/index.php\/wp-json\/wp\/v2\/pages\/7520\/revisions\/7529"}],"wp:attachment":[{"href":"https:\/\/www.sergeomin.gob.bo\/index.php\/wp-json\/wp\/v2\/media?parent=7520"}],"curies":[{"name":"wp","href":"https:\/\/api.w.org\/{rel}","templated":true}]}}